{"id":230,"date":"2022-11-02T22:54:46","date_gmt":"2022-11-02T22:54:46","guid":{"rendered":"https:\/\/feelstone.rs\/?page_id=230"},"modified":"2023-06-11T17:28:10","modified_gmt":"2023-06-11T17:28:10","slug":"feelstone-snow","status":"publish","type":"page","link":"https:\/\/feelstone.rs\/?page_id=230","title":{"rendered":""},"content":{"rendered":"\n<figure class=\"wp-block-image size-large is-resized\"><img decoding=\"async\" src=\"https:\/\/feelstone.rs\/wp-content\/uploads\/2023\/06\/BDJ06714-1024x683.jpg\" alt=\"\" class=\"wp-image-963\" width=\"342\" height=\"228\" srcset=\"https:\/\/feelstone.rs\/wp-content\/uploads\/2023\/06\/BDJ06714-1024x683.jpg 1024w, https:\/\/feelstone.rs\/wp-content\/uploads\/2023\/06\/BDJ06714-300x200.jpg 300w, https:\/\/feelstone.rs\/wp-content\/uploads\/2023\/06\/BDJ06714-768x512.jpg 768w, https:\/\/feelstone.rs\/wp-content\/uploads\/2023\/06\/BDJ06714-1536x1025.jpg 1536w, https:\/\/feelstone.rs\/wp-content\/uploads\/2023\/06\/BDJ06714-2048x1366.jpg 2048w\" sizes=\"(max-width: 342px) 100vw, 342px\" \/><\/figure>\n\n\n\n<p><strong>FEELSTONE GOLD<\/strong><\/p>\n\n\n\n<p>Ovaj planinski apartman je savr\u0161en za one koji tra\u017ee luksuz i udobnost na planini. U\u017eivajte u prostranom i modernom dnevnom boravku s velikim prozorima koji omogu\u0107uju neometan pogled na planine, a u sobama u\u017eivajte u mekanim I udobnim krevetima. Kuhinja je opremljena svim modernim aparatima, a kupatilo je ure\u0111eno sa svim potrebnim detaljima. Apartman tako\u0111e poseduje sve potrebno za nezaboravan boravak u planinskom centru Brze\u0107e.<\/p>\n\n\n\n<figure class=\"wp-block-gallery has-nested-images columns-default is-cropped wp-block-gallery-1 is-layout-flex wp-block-gallery-is-layout-flex\">\n<figure class=\"wp-block-image size-large\"><img decoding=\"async\" width=\"1024\" height=\"683\" data-id=\"425\" src=\"https:\/\/feelstone.rs\/wp-content\/uploads\/2022\/11\/BDJ06704-1024x683.jpg\" alt=\"\" class=\"wp-image-425\" srcset=\"https:\/\/feelstone.rs\/wp-content\/uploads\/2022\/11\/BDJ06704-1024x683.jpg 1024w, https:\/\/feelstone.rs\/wp-content\/uploads\/2022\/11\/BDJ06704-300x200.jpg 300w, https:\/\/feelstone.rs\/wp-content\/uploads\/2022\/11\/BDJ06704-768x512.jpg 768w, https:\/\/feelstone.rs\/wp-content\/uploads\/2022\/11\/BDJ06704-1536x1025.jpg 1536w, https:\/\/feelstone.rs\/wp-content\/uploads\/2022\/11\/BDJ06704-2048x1366.jpg 2048w\" sizes=\"(max-width: 1024px) 100vw, 1024px\" \/><\/figure>\n\n\n\n<figure class=\"wp-block-image size-large\"><img decoding=\"async\" width=\"1024\" height=\"683\" data-id=\"427\" src=\"https:\/\/feelstone.rs\/wp-content\/uploads\/2022\/11\/BDJ06710-1024x683.jpg\" alt=\"\" class=\"wp-image-427\" srcset=\"https:\/\/feelstone.rs\/wp-content\/uploads\/2022\/11\/BDJ06710-1024x683.jpg 1024w, https:\/\/feelstone.rs\/wp-content\/uploads\/2022\/11\/BDJ06710-300x200.jpg 300w, https:\/\/feelstone.rs\/wp-content\/uploads\/2022\/11\/BDJ06710-768x512.jpg 768w, https:\/\/feelstone.rs\/wp-content\/uploads\/2022\/11\/BDJ06710-1536x1025.jpg 1536w, https:\/\/feelstone.rs\/wp-content\/uploads\/2022\/11\/BDJ06710-2048x1366.jpg 2048w\" sizes=\"(max-width: 1024px) 100vw, 1024px\" \/><\/figure>\n\n\n\n<figure class=\"wp-block-image size-large\"><img decoding=\"async\" width=\"1024\" height=\"683\" data-id=\"428\" src=\"https:\/\/feelstone.rs\/wp-content\/uploads\/2022\/11\/BDJ06712-1024x683.jpg\" alt=\"\" class=\"wp-image-428\" srcset=\"https:\/\/feelstone.rs\/wp-content\/uploads\/2022\/11\/BDJ06712-1024x683.jpg 1024w, https:\/\/feelstone.rs\/wp-content\/uploads\/2022\/11\/BDJ06712-300x200.jpg 300w, https:\/\/feelstone.rs\/wp-content\/uploads\/2022\/11\/BDJ06712-768x512.jpg 768w, https:\/\/feelstone.rs\/wp-content\/uploads\/2022\/11\/BDJ06712-1536x1025.jpg 1536w, https:\/\/feelstone.rs\/wp-content\/uploads\/2022\/11\/BDJ06712-2048x1366.jpg 2048w\" sizes=\"(max-width: 1024px) 100vw, 1024px\" \/><\/figure>\n\n\n\n<figure class=\"wp-block-image size-large\"><img decoding=\"async\" width=\"1024\" height=\"683\" data-id=\"429\" src=\"https:\/\/feelstone.rs\/wp-content\/uploads\/2022\/11\/BDJ06714-1-1024x683.jpg\" alt=\"\" class=\"wp-image-429\" srcset=\"https:\/\/feelstone.rs\/wp-content\/uploads\/2022\/11\/BDJ06714-1-1024x683.jpg 1024w, https:\/\/feelstone.rs\/wp-content\/uploads\/2022\/11\/BDJ06714-1-300x200.jpg 300w, https:\/\/feelstone.rs\/wp-content\/uploads\/2022\/11\/BDJ06714-1-768x512.jpg 768w, https:\/\/feelstone.rs\/wp-content\/uploads\/2022\/11\/BDJ06714-1-1536x1025.jpg 1536w, https:\/\/feelstone.rs\/wp-content\/uploads\/2022\/11\/BDJ06714-1-2048x1366.jpg 2048w\" sizes=\"(max-width: 1024px) 100vw, 1024px\" \/><\/figure>\n\n\n\n<figure class=\"wp-block-image size-large\"><img decoding=\"async\" width=\"1024\" height=\"683\" data-id=\"430\" src=\"https:\/\/feelstone.rs\/wp-content\/uploads\/2022\/11\/BDJ06716-1024x683.jpg\" alt=\"\" class=\"wp-image-430\" srcset=\"https:\/\/feelstone.rs\/wp-content\/uploads\/2022\/11\/BDJ06716-1024x683.jpg 1024w, https:\/\/feelstone.rs\/wp-content\/uploads\/2022\/11\/BDJ06716-300x200.jpg 300w, https:\/\/feelstone.rs\/wp-content\/uploads\/2022\/11\/BDJ06716-768x512.jpg 768w, https:\/\/feelstone.rs\/wp-content\/uploads\/2022\/11\/BDJ06716-1536x1025.jpg 1536w, https:\/\/feelstone.rs\/wp-content\/uploads\/2022\/11\/BDJ06716-2048x1366.jpg 2048w\" sizes=\"(max-width: 1024px) 100vw, 1024px\" \/><\/figure>\n\n\n\n<figure class=\"wp-block-image size-large\"><img decoding=\"async\" width=\"1024\" height=\"683\" data-id=\"431\" src=\"https:\/\/feelstone.rs\/wp-content\/uploads\/2022\/11\/BDJ06718-1024x683.jpg\" alt=\"\" class=\"wp-image-431\" srcset=\"https:\/\/feelstone.rs\/wp-content\/uploads\/2022\/11\/BDJ06718-1024x683.jpg 1024w, https:\/\/feelstone.rs\/wp-content\/uploads\/2022\/11\/BDJ06718-300x200.jpg 300w, https:\/\/feelstone.rs\/wp-content\/uploads\/2022\/11\/BDJ06718-768x512.jpg 768w, https:\/\/feelstone.rs\/wp-content\/uploads\/2022\/11\/BDJ06718-1536x1025.jpg 1536w, https:\/\/feelstone.rs\/wp-content\/uploads\/2022\/11\/BDJ06718-2048x1366.jpg 2048w\" sizes=\"(max-width: 1024px) 100vw, 1024px\" \/><\/figure>\n\n\n\n<figure class=\"wp-block-image size-large\"><img decoding=\"async\" width=\"1024\" height=\"683\" data-id=\"432\" src=\"https:\/\/feelstone.rs\/wp-content\/uploads\/2022\/11\/BDJ06724-1024x683.jpg\" alt=\"\" class=\"wp-image-432\" srcset=\"https:\/\/feelstone.rs\/wp-content\/uploads\/2022\/11\/BDJ06724-1024x683.jpg 1024w, https:\/\/feelstone.rs\/wp-content\/uploads\/2022\/11\/BDJ06724-300x200.jpg 300w, https:\/\/feelstone.rs\/wp-content\/uploads\/2022\/11\/BDJ06724-768x512.jpg 768w, https:\/\/feelstone.rs\/wp-content\/uploads\/2022\/11\/BDJ06724-1536x1025.jpg 1536w, https:\/\/feelstone.rs\/wp-content\/uploads\/2022\/11\/BDJ06724-2048x1366.jpg 2048w\" sizes=\"(max-width: 1024px) 100vw, 1024px\" \/><\/figure>\n\n\n\n<figure class=\"wp-block-image size-large\"><img decoding=\"async\" width=\"1024\" height=\"683\" data-id=\"433\" src=\"https:\/\/feelstone.rs\/wp-content\/uploads\/2022\/11\/BDJ06726-1024x683.jpg\" alt=\"\" class=\"wp-image-433\" srcset=\"https:\/\/feelstone.rs\/wp-content\/uploads\/2022\/11\/BDJ06726-1024x683.jpg 1024w, https:\/\/feelstone.rs\/wp-content\/uploads\/2022\/11\/BDJ06726-300x200.jpg 300w, https:\/\/feelstone.rs\/wp-content\/uploads\/2022\/11\/BDJ06726-768x512.jpg 768w, https:\/\/feelstone.rs\/wp-content\/uploads\/2022\/11\/BDJ06726-1536x1025.jpg 1536w, https:\/\/feelstone.rs\/wp-content\/uploads\/2022\/11\/BDJ06726-2048x1366.jpg 2048w\" sizes=\"(max-width: 1024px) 100vw, 1024px\" \/><\/figure>\n\n\n\n<figure class=\"wp-block-image size-large\"><img decoding=\"async\" width=\"1024\" height=\"683\" data-id=\"434\" src=\"https:\/\/feelstone.rs\/wp-content\/uploads\/2022\/11\/BDJ06737-1-1024x683.jpg\" alt=\"\" class=\"wp-image-434\" srcset=\"https:\/\/feelstone.rs\/wp-content\/uploads\/2022\/11\/BDJ06737-1-1024x683.jpg 1024w, https:\/\/feelstone.rs\/wp-content\/uploads\/2022\/11\/BDJ06737-1-300x200.jpg 300w, https:\/\/feelstone.rs\/wp-content\/uploads\/2022\/11\/BDJ06737-1-768x512.jpg 768w, https:\/\/feelstone.rs\/wp-content\/uploads\/2022\/11\/BDJ06737-1-1536x1025.jpg 1536w, https:\/\/feelstone.rs\/wp-content\/uploads\/2022\/11\/BDJ06737-1-2048x1366.jpg 2048w\" sizes=\"(max-width: 1024px) 100vw, 1024px\" \/><\/figure>\n\n\n\n<figure class=\"wp-block-image size-large\"><img decoding=\"async\" width=\"683\" height=\"1024\" data-id=\"435\" src=\"https:\/\/feelstone.rs\/wp-content\/uploads\/2022\/11\/BDJ06739-683x1024.jpg\" alt=\"\" class=\"wp-image-435\" srcset=\"https:\/\/feelstone.rs\/wp-content\/uploads\/2022\/11\/BDJ06739-683x1024.jpg 683w, https:\/\/feelstone.rs\/wp-content\/uploads\/2022\/11\/BDJ06739-200x300.jpg 200w, https:\/\/feelstone.rs\/wp-content\/uploads\/2022\/11\/BDJ06739-768x1151.jpg 768w, https:\/\/feelstone.rs\/wp-content\/uploads\/2022\/11\/BDJ06739-1025x1536.jpg 1025w, https:\/\/feelstone.rs\/wp-content\/uploads\/2022\/11\/BDJ06739-1366x2048.jpg 1366w, https:\/\/feelstone.rs\/wp-content\/uploads\/2022\/11\/BDJ06739-scaled.jpg 1708w\" sizes=\"(max-width: 683px) 100vw, 683px\" \/><\/figure>\n\n\n\n<figure class=\"wp-block-image size-large\"><img decoding=\"async\" width=\"1024\" height=\"683\" data-id=\"436\" src=\"https:\/\/feelstone.rs\/wp-content\/uploads\/2022\/11\/BDJ06742-1024x683.jpg\" alt=\"\" class=\"wp-image-436\" srcset=\"https:\/\/feelstone.rs\/wp-content\/uploads\/2022\/11\/BDJ06742-1024x683.jpg 1024w, https:\/\/feelstone.rs\/wp-content\/uploads\/2022\/11\/BDJ06742-300x200.jpg 300w, https:\/\/feelstone.rs\/wp-content\/uploads\/2022\/11\/BDJ06742-768x512.jpg 768w, https:\/\/feelstone.rs\/wp-content\/uploads\/2022\/11\/BDJ06742-1536x1025.jpg 1536w, https:\/\/feelstone.rs\/wp-content\/uploads\/2022\/11\/BDJ06742-2048x1366.jpg 2048w\" sizes=\"(max-width: 1024px) 100vw, 1024px\" \/><\/figure>\n\n\n\n<figure class=\"wp-block-image size-large\"><img decoding=\"async\" width=\"683\" height=\"1024\" data-id=\"437\" src=\"https:\/\/feelstone.rs\/wp-content\/uploads\/2022\/11\/BDJ06744-683x1024.jpg\" alt=\"\" class=\"wp-image-437\" srcset=\"https:\/\/feelstone.rs\/wp-content\/uploads\/2022\/11\/BDJ06744-683x1024.jpg 683w, https:\/\/feelstone.rs\/wp-content\/uploads\/2022\/11\/BDJ06744-200x300.jpg 200w, https:\/\/feelstone.rs\/wp-content\/uploads\/2022\/11\/BDJ06744-768x1151.jpg 768w, https:\/\/feelstone.rs\/wp-content\/uploads\/2022\/11\/BDJ06744-1025x1536.jpg 1025w, https:\/\/feelstone.rs\/wp-content\/uploads\/2022\/11\/BDJ06744-1366x2048.jpg 1366w, https:\/\/feelstone.rs\/wp-content\/uploads\/2022\/11\/BDJ06744-scaled.jpg 1708w\" sizes=\"(max-width: 683px) 100vw, 683px\" \/><\/figure>\n\n\n\n<figure class=\"wp-block-image size-large\"><img decoding=\"async\" width=\"1024\" height=\"683\" data-id=\"438\" src=\"https:\/\/feelstone.rs\/wp-content\/uploads\/2022\/11\/BDJ06765-1-1024x683.jpg\" alt=\"\" class=\"wp-image-438\" srcset=\"https:\/\/feelstone.rs\/wp-content\/uploads\/2022\/11\/BDJ06765-1-1024x683.jpg 1024w, https:\/\/feelstone.rs\/wp-content\/uploads\/2022\/11\/BDJ06765-1-300x200.jpg 300w, https:\/\/feelstone.rs\/wp-content\/uploads\/2022\/11\/BDJ06765-1-768x512.jpg 768w, https:\/\/feelstone.rs\/wp-content\/uploads\/2022\/11\/BDJ06765-1-1536x1025.jpg 1536w, https:\/\/feelstone.rs\/wp-content\/uploads\/2022\/11\/BDJ06765-1-2048x1366.jpg 2048w\" sizes=\"(max-width: 1024px) 100vw, 1024px\" \/><\/figure>\n\n\n\n<figure class=\"wp-block-image size-large\"><img decoding=\"async\" width=\"1024\" height=\"683\" data-id=\"439\" src=\"https:\/\/feelstone.rs\/wp-content\/uploads\/2022\/11\/BDJ06770-1-1024x683.jpg\" alt=\"\" class=\"wp-image-439\" srcset=\"https:\/\/feelstone.rs\/wp-content\/uploads\/2022\/11\/BDJ06770-1-1024x683.jpg 1024w, https:\/\/feelstone.rs\/wp-content\/uploads\/2022\/11\/BDJ06770-1-300x200.jpg 300w, https:\/\/feelstone.rs\/wp-content\/uploads\/2022\/11\/BDJ06770-1-768x512.jpg 768w, https:\/\/feelstone.rs\/wp-content\/uploads\/2022\/11\/BDJ06770-1-1536x1025.jpg 1536w, https:\/\/feelstone.rs\/wp-content\/uploads\/2022\/11\/BDJ06770-1-2048x1366.jpg 2048w\" sizes=\"(max-width: 1024px) 100vw, 1024px\" \/><\/figure>\n\n\n\n<figure class=\"wp-block-image size-large\"><img decoding=\"async\" width=\"1024\" height=\"683\" data-id=\"440\" src=\"https:\/\/feelstone.rs\/wp-content\/uploads\/2022\/11\/BDJ06776-1-1024x683.jpg\" alt=\"\" class=\"wp-image-440\" srcset=\"https:\/\/feelstone.rs\/wp-content\/uploads\/2022\/11\/BDJ06776-1-1024x683.jpg 1024w, https:\/\/feelstone.rs\/wp-content\/uploads\/2022\/11\/BDJ06776-1-300x200.jpg 300w, https:\/\/feelstone.rs\/wp-content\/uploads\/2022\/11\/BDJ06776-1-768x512.jpg 768w, https:\/\/feelstone.rs\/wp-content\/uploads\/2022\/11\/BDJ06776-1-1536x1025.jpg 1536w, https:\/\/feelstone.rs\/wp-content\/uploads\/2022\/11\/BDJ06776-1-2048x1366.jpg 2048w\" sizes=\"(max-width: 1024px) 100vw, 1024px\" \/><\/figure>\n\n\n\n<figure class=\"wp-block-image size-large\"><img decoding=\"async\" width=\"1024\" height=\"683\" data-id=\"441\" src=\"https:\/\/feelstone.rs\/wp-content\/uploads\/2022\/11\/BDJ06790-1-1024x683.jpg\" alt=\"\" class=\"wp-image-441\" srcset=\"https:\/\/feelstone.rs\/wp-content\/uploads\/2022\/11\/BDJ06790-1-1024x683.jpg 1024w, https:\/\/feelstone.rs\/wp-content\/uploads\/2022\/11\/BDJ06790-1-300x200.jpg 300w, https:\/\/feelstone.rs\/wp-content\/uploads\/2022\/11\/BDJ06790-1-768x512.jpg 768w, https:\/\/feelstone.rs\/wp-content\/uploads\/2022\/11\/BDJ06790-1-1536x1025.jpg 1536w, https:\/\/feelstone.rs\/wp-content\/uploads\/2022\/11\/BDJ06790-1-2048x1366.jpg 2048w\" sizes=\"(max-width: 1024px) 100vw, 1024px\" \/><\/figure>\n\n\n\n<figure class=\"wp-block-image size-large\"><img decoding=\"async\" width=\"1024\" height=\"683\" data-id=\"442\" src=\"https:\/\/feelstone.rs\/wp-content\/uploads\/2022\/11\/BDJ06785-1-1024x683.jpg\" alt=\"\" class=\"wp-image-442\" srcset=\"https:\/\/feelstone.rs\/wp-content\/uploads\/2022\/11\/BDJ06785-1-1024x683.jpg 1024w, https:\/\/feelstone.rs\/wp-content\/uploads\/2022\/11\/BDJ06785-1-300x200.jpg 300w, https:\/\/feelstone.rs\/wp-content\/uploads\/2022\/11\/BDJ06785-1-768x512.jpg 768w, https:\/\/feelstone.rs\/wp-content\/uploads\/2022\/11\/BDJ06785-1-1536x1025.jpg 1536w, https:\/\/feelstone.rs\/wp-content\/uploads\/2022\/11\/BDJ06785-1-2048x1366.jpg 2048w\" sizes=\"(max-width: 1024px) 100vw, 1024px\" \/><\/figure>\n\n\n\n<figure class=\"wp-block-image size-large\"><img decoding=\"async\" width=\"1024\" height=\"683\" data-id=\"443\" src=\"https:\/\/feelstone.rs\/wp-content\/uploads\/2022\/11\/BDJ06793-1-1024x683.jpg\" alt=\"\" class=\"wp-image-443\" srcset=\"https:\/\/feelstone.rs\/wp-content\/uploads\/2022\/11\/BDJ06793-1-1024x683.jpg 1024w, https:\/\/feelstone.rs\/wp-content\/uploads\/2022\/11\/BDJ06793-1-300x200.jpg 300w, https:\/\/feelstone.rs\/wp-content\/uploads\/2022\/11\/BDJ06793-1-768x512.jpg 768w, https:\/\/feelstone.rs\/wp-content\/uploads\/2022\/11\/BDJ06793-1-1536x1025.jpg 1536w, https:\/\/feelstone.rs\/wp-content\/uploads\/2022\/11\/BDJ06793-1-2048x1366.jpg 2048w\" sizes=\"(max-width: 1024px) 100vw, 1024px\" \/><\/figure>\n\n\n\n<figure class=\"wp-block-image size-large\"><img decoding=\"async\" width=\"1024\" height=\"683\" data-id=\"444\" src=\"https:\/\/feelstone.rs\/wp-content\/uploads\/2022\/11\/BDJ06799-1-1024x683.jpg\" alt=\"\" class=\"wp-image-444\" srcset=\"https:\/\/feelstone.rs\/wp-content\/uploads\/2022\/11\/BDJ06799-1-1024x683.jpg 1024w, https:\/\/feelstone.rs\/wp-content\/uploads\/2022\/11\/BDJ06799-1-300x200.jpg 300w, https:\/\/feelstone.rs\/wp-content\/uploads\/2022\/11\/BDJ06799-1-768x512.jpg 768w, https:\/\/feelstone.rs\/wp-content\/uploads\/2022\/11\/BDJ06799-1-1536x1025.jpg 1536w, https:\/\/feelstone.rs\/wp-content\/uploads\/2022\/11\/BDJ06799-1-2048x1366.jpg 2048w\" sizes=\"(max-width: 1024px) 100vw, 1024px\" \/><\/figure>\n\n\n\n<figure class=\"wp-block-image size-large\"><img decoding=\"async\" width=\"1024\" height=\"683\" data-id=\"446\" src=\"https:\/\/feelstone.rs\/wp-content\/uploads\/2022\/11\/BDJ06811-2-1024x683.jpg\" alt=\"\" class=\"wp-image-446\" srcset=\"https:\/\/feelstone.rs\/wp-content\/uploads\/2022\/11\/BDJ06811-2-1024x683.jpg 1024w, https:\/\/feelstone.rs\/wp-content\/uploads\/2022\/11\/BDJ06811-2-300x200.jpg 300w, https:\/\/feelstone.rs\/wp-content\/uploads\/2022\/11\/BDJ06811-2-768x512.jpg 768w, https:\/\/feelstone.rs\/wp-content\/uploads\/2022\/11\/BDJ06811-2-1536x1025.jpg 1536w, https:\/\/feelstone.rs\/wp-content\/uploads\/2022\/11\/BDJ06811-2-2048x1366.jpg 2048w\" sizes=\"(max-width: 1024px) 100vw, 1024px\" \/><\/figure>\n\n\n\n<figure class=\"wp-block-image size-large\"><img decoding=\"async\" width=\"1024\" height=\"683\" data-id=\"447\" src=\"https:\/\/feelstone.rs\/wp-content\/uploads\/2022\/11\/BDJ06817-1-1024x683.jpg\" alt=\"\" class=\"wp-image-447\" srcset=\"https:\/\/feelstone.rs\/wp-content\/uploads\/2022\/11\/BDJ06817-1-1024x683.jpg 1024w, https:\/\/feelstone.rs\/wp-content\/uploads\/2022\/11\/BDJ06817-1-300x200.jpg 300w, https:\/\/feelstone.rs\/wp-content\/uploads\/2022\/11\/BDJ06817-1-768x512.jpg 768w, https:\/\/feelstone.rs\/wp-content\/uploads\/2022\/11\/BDJ06817-1-1536x1025.jpg 1536w, https:\/\/feelstone.rs\/wp-content\/uploads\/2022\/11\/BDJ06817-1-2048x1366.jpg 2048w\" sizes=\"(max-width: 1024px) 100vw, 1024px\" \/><\/figure>\n\n\n\n<figure class=\"wp-block-image size-large\"><img decoding=\"async\" width=\"683\" height=\"1024\" data-id=\"448\" src=\"https:\/\/feelstone.rs\/wp-content\/uploads\/2022\/11\/BDJ06827-1-683x1024.jpg\" alt=\"\" class=\"wp-image-448\" srcset=\"https:\/\/feelstone.rs\/wp-content\/uploads\/2022\/11\/BDJ06827-1-683x1024.jpg 683w, https:\/\/feelstone.rs\/wp-content\/uploads\/2022\/11\/BDJ06827-1-200x300.jpg 200w, https:\/\/feelstone.rs\/wp-content\/uploads\/2022\/11\/BDJ06827-1-768x1151.jpg 768w, https:\/\/feelstone.rs\/wp-content\/uploads\/2022\/11\/BDJ06827-1-1025x1536.jpg 1025w, https:\/\/feelstone.rs\/wp-content\/uploads\/2022\/11\/BDJ06827-1-1366x2048.jpg 1366w, https:\/\/feelstone.rs\/wp-content\/uploads\/2022\/11\/BDJ06827-1-scaled.jpg 1708w\" sizes=\"(max-width: 683px) 100vw, 683px\" \/><\/figure>\n<\/figure>\n","protected":false},"excerpt":{"rendered":"<p>FEELSTONE GOLD Ovaj planinski apartman je savr\u0161en za one koji tra\u017ee luksuz i udobnost na planini. U\u017eivajte u prostranom i modernom dnevnom boravku s velikim prozorima koji omogu\u0107uju neometan pogled na planine, a u sobama u\u017eivajte u mekanim I udobnim krevetima. Kuhinja je opremljena svim modernim aparatima, a kupatilo je ure\u0111eno sa svim potrebnim detaljima. Apartman tako\u0111e poseduje sve potrebno za nezaboravan boravak u planinskom centru Brze\u0107e.<\/p>\n","protected":false},"author":1,"featured_media":0,"parent":0,"menu_order":0,"comment_status":"closed","ping_status":"closed","template":"","meta":{"footnotes":""},"class_list":["post-230","page","type-page","status-publish","hentry"],"_links":{"self":[{"href":"https:\/\/feelstone.rs\/index.php?rest_route=\/wp\/v2\/pages\/230","targetHints":{"allow":["GET"]}}],"collection":[{"href":"https:\/\/feelstone.rs\/index.php?rest_route=\/wp\/v2\/pages"}],"about":[{"href":"https:\/\/feelstone.rs\/index.php?rest_route=\/wp\/v2\/types\/page"}],"author":[{"embeddable":true,"href":"https:\/\/feelstone.rs\/index.php?rest_route=\/wp\/v2\/users\/1"}],"replies":[{"embeddable":true,"href":"https:\/\/feelstone.rs\/index.php?rest_route=%2Fwp%2Fv2%2Fcomments&post=230"}],"version-history":[{"count":7,"href":"https:\/\/feelstone.rs\/index.php?rest_route=\/wp\/v2\/pages\/230\/revisions"}],"predecessor-version":[{"id":964,"href":"https:\/\/feelstone.rs\/index.php?rest_route=\/wp\/v2\/pages\/230\/revisions\/964"}],"wp:attachment":[{"href":"https:\/\/feelstone.rs\/index.php?rest_route=%2Fwp%2Fv2%2Fmedia&parent=230"}],"curies":[{"name":"wp","href":"https:\/\/api.w.org\/{rel}","templated":true}]}}